ivisor of 552496 and 112?
112
Calculate the greatest common divisor of 46557 and 189.
63
Calculate the greatest common factor of 1001 and 94237.
143
What is the greatest common factor of 14540 and 25?
5
Calculate the greatest common divisor of 17334 and 31672.
214
What is the greatest common divisor of 1744 and 304?
16
What is the highest common factor of 12 and 392646?
6
What is the highest common divisor of 105 and 29715?
105
What is the highest common divisor of 6670 and 23780?
290
Calculate the greatest common factor of 1 and 945.
1
Calculate the highest common factor of 151940 and 35500.
1420
What is the highest common factor of 76 and 790324?
76
Calculate the greatest common divisor of 37250 and 58855.
745
What is the highest common factor of 55963 and 191?
191
What is the highest common divisor of 28590 and 9?
3
Calculate the greatest common divisor of 915 and 420.
15
What is the greatest common factor of 76859 and 6617?
509
Calculate the highest common factor of 52105 and 85.
85
Calculate the highest common divisor of 360 and 208584.
72
What is the greatest common factor of 67 and 3324406?
67
What is the greatest common divisor of 224003 and 416?
13
Calculate the highest common divisor of 960 and 18112.
64
What is the highest common divisor of 384130 and 856?
214
Calculate the highest common divisor of 110 and 2306282.
22
Calculate the highest common divisor of 873 and 104469.
291
What is the highest common divisor of 122877 and 324?
81
What is the greatest common divisor of 5856 and 74542?
122
Calculate the greatest common factor of 41 and 11669953.
41
Calculate the highest common factor of 288 and 43104.
96
What is the highest common factor of 288728 and 16?
8
Calculate the greatest common divisor of 544499 and 71.
71
What is the greatest common divisor of 488 and 243634?
122
What is the greatest common divisor of 844 and 700309?
211
Calculate the highest common factor of 35322 and 5684.
406
Calculate the greatest common divisor of 87550 and 17000.
850
What is the greatest common factor of 672 and 297808?
112
What is the highest common factor of 41364 and 756?
108
Calculate the greatest common divisor of 816 and 75208.
136
Calculate the greatest common divisor of 27807 and 9021.
93
What is the highest common divisor of 93 and 50437?
31
What is the greatest common divisor of 473382 and 78?
78
What is the highest common factor of 323757 and 3969?
567
What is the greatest common factor of 26205 and 465?
15
Calculate the highest common factor of 177 and 151158.
177
Calculate the highest common factor of 5 and 38275.
5
What is the highest common factor of 8621 and 157508?
233
What is the highest common factor of 327391 and 62186?
1829
Calculate the highest common divisor of 124 and 525264.
124
What is the greatest common factor of 15655 and 124?
31
What is the greatest common factor of 2523 and 87?
87
What is the greatest common divisor of 11 and 3443?
11
What is the highest common factor of 22005 and 156969?
1467
Calculate the highest common factor of 1323 and 12339.
27
What is the greatest common factor of 10208 and 1078?
22
Calculate the highest common divisor of 130803 and 177.
177
Calculate the greatest common factor of 5 and 954445.
5
Calculate the highest common factor of 4311 and 243.
9
What is the greatest common divisor of 88 and 108328?
88
What is the greatest common divisor of 15 and 387685?
5
Calculate the highest common factor of 21800 and 58424.
872
What is the greatest common factor of 406202 and 830?
166
What is the highest common divisor of 45 and 1096305?
15
What is the highest common divisor of 404 and 1147966?
202
What is the greatest common factor of 605 and 555?
5
Calculate the highest common divisor of 3026835 and 756.
189
Calculate the greatest common factor of 79857 and 171.
171
What is the greatest common factor of 3392 and 81196?
212
Calculate the greatest common factor of 9891297 and 117.
117
Calculate the highest common factor of 132 and 34032.
12
What is the greatest common factor of 3920 and 1460?
20
What is the highest common divisor of 1767 and 15276?
57
Calculate the greatest common divisor of 144544 and 32.
32
What is the highest common factor of 1564 and 24480?
68
Calculate the greatest common factor of 77 and 72336.
11
Calculate the greatest common factor of 15 and 190731.
3
Calculate the greatest common factor of 262 and 317.
1
Calculate the greatest common factor of 147719 and 143.
143
What is the highest common divisor of 174 and 1734374?
58
What is the greatest common factor of 92 and 20294?
2
Calculate the highest common factor of 3596885 and 10.
5
What is the greatest common factor of 17664 and 56856?
552
Calculate the greatest common divisor of 1 and 9232.
1
What is the highest common divisor of 21597 and 82319?
313
What is the highest common divisor of 637 and 34229?
13
Calculate the greatest common divisor of 132 and 756060.
12
What is the greatest common factor of 112 and 25928?
56
Calculate the greatest common divisor of 4883 and 31097.
257
What is the greatest common divisor of 8 and 3226?
2
What is the greatest common factor of 259544 and 96?
8
Calculate the highest common divisor of 2827 and 4994.
11
What is the highest common divisor of 11716 and 2204?
116
Calculate the greatest common factor of 1343 and 3859.
17
What is the highest common divisor of 60 and 22580?
20
What is the greatest common divisor of 561 and 701709?
51
What is the greatest common divisor of 7 and 616553?
7
What is the greatest common divisor of 9384 and 833?
17
Calculate the greatest common factor of 8800 and 225.
25
What is the greatest common divisor of 3360 and 4872?
168
What is the highest common divisor of 10292 and 372?
124
Calculate the greatest common divisor of 27476762 and 146.
146
Calculate the highest common factor of 777086 and 265.
53
What is the greatest common factor of 84 and 24132?
12
What is the highest common factor of 77046 and 174?
6
Calculate the highest common divisor of 875340 and 360.
180
What is the highest common divisor of 74 and 23162?
74
Calculate the greatest common divisor of 204313 and 519.
173
What is the greatest common factor of 189543 and 804?
201
Calculate the highest common divisor of 7190616 and 159.
159
What is the highest common factor of 454605 and 30?
15
What is the greatest common factor of 212 and 320332?
212
What is the greatest common divisor of 20139 and 441?
147
What is the greatest common factor of 5868 and 612?
36
Calculate the greatest common factor of 330 and 23155.
55
Calculate the highest common divisor of 1216 and 248896.
64
Calculate the highest common divisor of 3434570 and 82.
82
What is the greatest common factor of 340 and 690?
10
Calculate the greatest common divisor of 801 and 7298.
89
What is the greatest common factor of 19829 and 6004?
79
Calculate the greatest common divisor of 42270 and 1830.
30
What is the greatest common factor of 1529626 and 2142?
238
Calculate the greatest common divisor of 191420 and 60.
20
What is the highest common factor of 89566 and 152?
38
Calculate the greatest common divisor of 288 and 315.
9
What is the highest common factor of 55725 and 12225?
75
What is the highest common divisor of 837386 and 748?
374
Calculate the greatest common factor of 1812 and 1135218.
906
Calculate the greatest common divisor of 11198 and 198.
22
Calculate the highest common factor of 9248 and 160.
32
Calculate the highest common divisor of 128 and 13996.
4
What is the greatest common divisor of 2541 and 4455?
33
Calculate the highest common divisor of 4 and 2434.
2
Calculate the highest common divisor of 20825 and 765.
85
Calculate the highest common factor of 864 and 139212.
108
Calculate the greatest common divisor of 1254 and 8094.
114
Calculate the greatest common factor of 3585 and 1830.
15
What is the highest common factor of 1248 and 284928?
96
What is the highest common factor of 662 and 434272?
662
What is the greatest common factor of 12132 and 684?
36
What is the greatest common factor of 70 and 30570?
10
Calculate the highest common factor of 115047 and 27.
27
Calculate the greatest common factor of 556584 and 168.
168
Calculate the highest common divisor of 46888 and 80.
8
What is the highest common divisor of 405 and 185